10 and 510.
170
Calculate the greatest common factor of 88808 and 136.
136
What is the highest common divisor of 14398 and 36934?
626
Calculate the highest common divisor of 28615 and 4720.
295
Calculate the highest common divisor of 6272 and 41356.
196
Calculate the greatest common factor of 9248957 and 71.
71
What is the highest common factor of 57716 and 2256?
188
What is the highest common factor of 14 and 161?
7
Calculate the highest common divisor of 2666 and 21731.
31
What is the highest common factor of 9 and 178317?
9
Calculate the greatest common factor of 11521 and 13207.
281
Calculate the highest common factor of 48 and 1866216.
24
What is the highest common divisor of 3479 and 49?
49
Calculate the greatest common divisor of 372939 and 63.
21
Calculate the highest common factor of 510 and 150690.
30
What is the greatest common factor of 79940 and 560?
140
What is the greatest common factor of 56 and 2996?
28
Calculate the highest common divisor of 13073 and 85.
17
Calculate the highest common factor of 1482 and 1368.
114
Calculate the highest common factor of 218628 and 684.
36
What is the greatest common factor of 55 and 274545?
5
What is the highest common divisor of 3340 and 42919?
167
What is the greatest common divisor of 1547 and 1014?
13
What is the greatest common divisor of 23 and 3644?
1
Calculate the highest common factor of 5017873 and 6258.
1043
Calculate the highest common divisor of 14 and 1016582.
14
Calculate the greatest common factor of 60 and 92.
4
What is the greatest common divisor of 4312 and 12544?
392
What is the greatest common factor of 21119 and 2401?
49
What is the greatest common factor of 1806 and 3323642?
602
Calculate the highest common divisor of 5344989 and 186.
93
Calculate the highest common divisor of 342558 and 72.
18
What is the highest common factor of 7468 and 4?
4
Calculate the highest common divisor of 18 and 39642.
6
What is the greatest common divisor of 212 and 57452?
212
Calculate the highest common factor of 2175 and 38625.
75
Calculate the highest common factor of 70 and 476504.
14
What is the highest common divisor of 2302947 and 2655?
531
What is the highest common factor of 574995 and 435?
15
What is the highest common factor of 117 and 47697?
39
Calculate the greatest common divisor of 5640 and 1005.
15
Calculate the greatest common divisor of 6463 and 1124.
281
Calculate the greatest common divisor of 11076 and 675.
3
What is the greatest common divisor of 265 and 74995?
265
What is the highest common factor of 125 and 2222?
1
Calculate the greatest common factor of 202 and 1059490.
202
What is the greatest common divisor of 32 and 2320416?
32
What is the highest common divisor of 825 and 12435?
15
Calculate the highest common factor of 2 and 1431.
1
Calculate the highest common factor of 176 and 30052.
44
Calculate the greatest common factor of 8520 and 158330.
710
What is the greatest common divisor of 328231 and 1915?
383
What is the highest common factor of 838002 and 66?
66
Calculate the highest common factor of 20330 and 450.
10
Calculate the greatest common divisor of 1200 and 8900.
100
Calculate the greatest common factor of 95 and 349045.
5
Calculate the greatest common factor of 122175 and 27.
27
What is the highest common divisor of 3160 and 33288?
8
Calculate the highest common factor of 23555 and 10.
5
What is the greatest common divisor of 43044 and 5916?
204
Calculate the highest common divisor of 12 and 203884.
4
Calculate the highest common divisor of 54754 and 1540.
14
Calculate the greatest common factor of 8 and 312856.
8
What is the highest common factor of 101616 and 156?
12
What is the greatest common divisor of 1173069 and 621?
621
What is the greatest common divisor of 2499 and 16758?
147
What is the greatest common factor of 38 and 728935?
19
What is the highest common divisor of 1903 and 2013?
11
What is the highest common factor of 15 and 5795?
5
What is the highest common divisor of 1166 and 2650?
106
What is the greatest common divisor of 1313 and 6617?
13
Calculate the highest common divisor of 28268 and 592.
148
Calculate the highest common factor of 299 and 1872.
13
Calculate the highest common factor of 2236 and 143276.
172
Calculate the greatest common divisor of 8817024 and 48.
48
Calculate the greatest common factor of 28582 and 61318.
62
Calculate the greatest common divisor of 153 and 2176.
17
Calculate the greatest common factor of 770 and 4686.
22
Calculate the highest common factor of 2080 and 175380.
20
What is the greatest common factor of 48657 and 21?
21
What is the highest common factor of 695 and 137749?
139
Calculate the greatest common divisor of 831 and 170078.
277
What is the greatest common factor of 102 and 107270?
34
What is the greatest common factor of 1495 and 3055?
65
What is the greatest common factor of 1066 and 56?
2
What is the highest common factor of 150 and 376665?
15
What is the greatest common factor of 271 and 151760?
271
Calculate the greatest common factor of 3150 and 3143.
7
Calculate the greatest common divisor of 1794962 and 221.
221
What is the highest common factor of 283672 and 472?
472
What is the greatest common divisor of 6148 and 116?
116
Calculate the greatest common divisor of 151951 and 188.
47
Calculate the highest common divisor of 52 and 4542668.
52
What is the greatest common factor of 4995 and 11775?
15
What is the greatest common factor of 2863668 and 36?
12
Calculate the greatest common divisor of 20 and 21740.
20
What is the highest common divisor of 43061 and 9248?
289
Calculate the highest common divisor of 39 and 1879722.
39
Calculate the highest common divisor of 144 and 1808.
16
Calculate the highest common factor of 155 and 121.
1
What is the greatest common factor of 5 and 316585?
5
Calculate the greatest common factor of 208800 and 58.
58
Calculate the greatest common factor of 1896 and 888.
24
What is the highest common divisor of 1582494 and 5256?
438
What is the greatest common factor of 3265342 and 58?
58
What is the greatest common divisor of 26005 and 3535?
35
Calculate the highest common factor of 1238211 and 228.
57
What is the highest common factor of 147 and 10731?
147
Calculate the greatest common divisor of 57227 and 1513.
89
Calculate the highest common factor of 7686 and 7245.
63
Calculate the greatest common divisor of 38592 and 3600.
144
Calculate the highest common divisor of 78177 and 19734.
759
What is the highest common factor of 2637 and 63?
9
Calculate the greatest common factor of 215924 and 138.
46
Calculate the greatest common divisor of 458329 and 677.
677
What is the highest common divisor of 3141 and 27?
9
What is the highest common factor of 3145 and 2771?
17
Calculate the greatest common factor of 6066 and 72.
18
Calculate the greatest common divisor of 153324 and 108.
36
Calculate the greatest common factor of 250 and 1625.
125
What is the greatest common factor of 55683 and 6233?
23
What is the greatest common divisor of 14821873 and 11?
11
Calculate the highest common factor of 1290 and 1410.
30
Calculate the highest common divisor of 3 and 576447.
3
What is the highest common divisor of 457182 and 594?
198
Calculate the greatest common divisor of 1162 and 938.
14
Calculate the highest common divisor of 1540 and 60368.
308
Calculate the greatest common divisor of 64841 and 121989.
1099
Calculate the highest common factor of 20384 and 1792.
224
What is the highest common divisor of 11109 and 909489?
483
What is the highest common divisor of 4036 and 34?
2
What is the greatest common divisor of 84915 and 11985?
255
What is the highest common divisor of 316116 and 9?
9
What is the greatest common divisor of 151976 and 21823?
157
What is the highest common factor of 14560 and 70525?
455
What is the greatest common divisor of 830 and 43?
1
Calculate the greatest common divisor of 28775 and 600.
25
Calculate the highest common factor of 46449 and 2808.
117
What is the greatest common divisor of 712 and 347812?
356
Calculate the highest common factor of 45 and 756.
9
What is the greatest common factor of 21006 and 1566?
54
Calculate the highest common factor of 822456 and 180.
36
What is the greatest common factor of 10566 and 450?
18
What is the hi